{"id":277,"date":"2020-02-16T19:45:06","date_gmt":"2020-02-16T18:45:06","guid":{"rendered":"http:\/\/traildesroses.com\/?page_id=277"},"modified":"2025-02-17T10:42:22","modified_gmt":"2025-02-17T09:42:22","slug":"resultats","status":"publish","type":"page","link":"https:\/\/traildesroses.com\/?page_id=277","title":{"rendered":"R\u00e9sultats &#8211; Classements"},"content":{"rendered":"\n<p><strong>2025<\/strong><\/p>\n\n\n\n<p>Retrouvez tous les r\u00e9sultats de cette ann\u00e9e <a href=\"https:\/\/altichrono.fr\/resultats\/2025_TRAIL_ROSES?fbclid=IwY2xjawIfx3pleHRuA2FlbQIxMQABHY1BkwnJoPLbx3oMocQkVyAPSF1EpwobggfjRs1z0PFWxiJQNVYYEBngRA_aem_NPHaYelqTdP1CWIGkvhGPg\">directement sur ce lien<\/a> !<\/p>\n\n\n\n<p>Encore merci \u00e0 tous pour votre pr\u00e9sence et votre enthousiasme.<\/p>\n","protected":false},"excerpt":{"rendered":"<p>2025 Retrouvez tous les r\u00e9sultats de cette ann\u00e9e directement sur ce lien ! Encore merci \u00e0 tous pour votre pr\u00e9sence et votre enthousiasme.<\/p>\n","protected":false},"author":1,"featured_media":0,"parent":0,"menu_order":0,"comment_status":"closed","ping_status":"closed","template":"","meta":{"footnotes":""},"class_list":["post-277","page","type-page","status-publish","hentry"],"_links":{"self":[{"href":"https:\/\/traildesroses.com\/index.php?rest_route=\/wp\/v2\/pages\/277","targetHints":{"allow":["GET"]}}],"collection":[{"href":"https:\/\/traildesroses.com\/index.php?rest_route=\/wp\/v2\/pages"}],"about":[{"href":"https:\/\/traildesroses.com\/index.php?rest_route=\/wp\/v2\/types\/page"}],"author":[{"embeddable":true,"href":"https:\/\/traildesroses.com\/index.php?rest_route=\/wp\/v2\/users\/1"}],"replies":[{"embeddable":true,"href":"https:\/\/traildesroses.com\/index.php?rest_route=%2Fwp%2Fv2%2Fcomments&post=277"}],"version-history":[{"count":25,"href":"https:\/\/traildesroses.com\/index.php?rest_route=\/wp\/v2\/pages\/277\/revisions"}],"predecessor-version":[{"id":875,"href":"https:\/\/traildesroses.com\/index.php?rest_route=\/wp\/v2\/pages\/277\/revisions\/875"}],"wp:attachment":[{"href":"https:\/\/traildesroses.com\/index.php?rest_route=%2Fwp%2Fv2%2Fmedia&parent=277"}],"curies":[{"name":"wp","href":"https:\/\/api.w.org\/{rel}","templated":true}]}}